3?
3, 25447
List the prime factors of 17557410.
2, 3, 5, 13, 3463
What are the prime factors of 31417824?
2, 3, 83, 3943
What are the prime factors of 3955237?
11, 13, 17, 1627
What are the prime factors of 291919?
67, 4357
List the prime factors of 18140470.
2, 5, 1814047
List the prime factors of 496161.
3, 29, 1901
What are the prime factors of 1563159?
3, 13, 149, 269
What are the prime factors of 797256?
2, 3, 3691
List the prime factors of 478900.
2, 5, 4789
What are the prime factors of 197215?
5, 39443
List the prime factors of 590672.
2, 19, 29, 67
List the prime factors of 145056.
2, 3, 1511
List the prime factors of 237424.
2, 11, 19, 71
List the prime factors of 1786144.
2, 55817
What are the prime factors of 4247192?
2, 521, 1019
List the prime factors of 26546886.
2, 3, 83, 5923
What are the prime factors of 433412?
2, 7, 23, 673
What are the prime factors of 114239?
71, 1609
List the prime factors of 1089970.
2, 5, 7, 23, 677
List the prime factors of 187809.
3, 62603
What are the prime factors of 622565?
5, 124513
List the prime factors of 14288767.
14288767
List the prime factors of 2196251.
557, 3943
List the prime factors of 176214.
2, 3, 43, 683
List the prime factors of 46846.
2, 59, 397
List the prime factors of 146042.
2, 13, 41, 137
List the prime factors of 5285736.
2, 3, 2719
List the prime factors of 335552.
2, 7, 107
List the prime factors of 5639645.
5, 11, 102539
List the prime factors of 2332787.
2332787
What are the prime factors of 4599541?
131, 35111
List the prime factors of 230329.
11, 20939
What are the prime factors of 150342?
2, 3, 25057
What are the prime factors of 445800?
2, 3, 5, 743
List the prime factors of 2541251.
2541251
List the prime factors of 965779.
965779
List the prime factors of 380403.
3, 73, 193
What are the prime factors of 102153?
3, 17, 2003
What are the prime factors of 54731?
229, 239
List the prime factors of 226252.
2, 13, 19, 229
List the prime factors of 588419.
13, 45263
What are the prime factors of 4744318?
2, 1009, 2351
List the prime factors of 333278.
2, 11, 15149
List the prime factors of 6493459.
7, 19, 48823
List the prime factors of 1455865.
5, 291173
What are the prime factors of 3793838?
2, 29, 149, 439
List the prime factors of 8534662.
2, 431, 9901
What are the prime factors of 1239494?
2, 607, 1021
What are the prime factors of 13666?
2, 6833
List the prime factors of 174842.
2, 87421
List the prime factors of 345943.
13, 23, 89
List the prime factors of 4395565.
5, 879113
What are the prime factors of 248364?
2, 3, 6899
What are the prime factors of 26140?
2, 5, 1307
List the prime factors of 365339.
13, 157, 179
What are the prime factors of 295998?
2, 3, 49333
What are the prime factors of 177404?
2, 44351
List the prime factors of 27827999.
23, 59, 20507
List the prime factors of 12330391.
12330391
What are the prime factors of 800083?
800083
List the prime factors of 26384332.
2, 13, 67, 7573
What are the prime factors of 777462?
2, 3, 7, 107, 173
List the prime factors of 287426.
2, 137, 1049
What are the prime factors of 419912?
2, 52489
List the prime factors of 1334640.
2, 3, 5, 67, 83
List the prime factors of 2087592.
2, 3, 13, 6691
What are the prime factors of 44546?
2, 22273
What are the prime factors of 226520?
2, 5, 7, 809
What are the prime factors of 27748125?
3, 5, 4933
What are the prime factors of 13895588?
2, 7, 23, 21577
What are the prime factors of 1325763?
3, 19, 7753
What are the prime factors of 877312?
2, 23, 149
List the prime factors of 623075.
5, 24923
What are the prime factors of 12011076?
2, 3, 7, 11, 619
What are the prime factors of 213889?
13, 16453
List the prime factors of 96543.
3, 17, 631
List the prime factors of 8423129.
11, 13, 23, 197
What are the prime factors of 24427176?
2, 3, 1017799
List the prime factors of 1108886.
2, 41, 13523
List the prime factors of 1530557.
7, 218651
List the prime factors of 37404.
2, 3, 1039
List the prime factors of 1695225.
3, 5, 7, 3229
List the prime factors of 3637804.
2, 909451
What are the prime factors of 1191552?
2, 3, 29, 107
List the prime factors of 3584843.
1721, 2083
What are the prime factors of 3156014?
2, 19, 23, 157
What are the prime factors of 2998447?
19, 157813
List the prime factors of 1698151.
7, 13, 18661
What are the prime factors of 625945?
5, 23, 5443
What are the prime factors of 7319976?
2, 3, 41, 43, 173
List the prime factors of 1925497.
7, 43, 6397
What are the prime factors of 3439248?
2, 3, 137, 523
List the prime factors of 461765.
5, 92353
List the prime factors of 113465.
5, 11, 2063
List the prime factors of 1974653.
37, 83, 643
List the prime factors of 2902568.
2, 223, 1627
What are the prime factors of 251375?
5, 2011
What are the prime factors of 8656494?
2, 3, 7, 11, 41, 457
What are the prime factors of 617290?
2, 5, 61729
What are the prime factors of 12136?
2, 37, 41
What are the prime factors of 1538094?
2, 3, 256349
List the prime factors of 1574.
2, 787
What are the prime factors of 20717642?
2, 11, 659, 1429
List the prime factors of 1365582.
2, 3, 227597
What are the prime factors of 830625?
3, 5, 443
What are the prime factors of 4251244?
2, 47, 22613
List the prime factors of 31240.
2, 5, 11, 71
What are the prime factors of 109796?
2, 27449
What are the prime factors of 115243?
17, 6779
List the prime factors of 1577245.
5, 315449
What are the prime factors of 62540?
2, 5, 53, 59
List the prime factors of 4518539.
4518539
List the prime factors of 1014964.
2, 253741
What are the prime factors of 5303442?
2, 3, 277, 3191
What are the prime factors of 5463197?
5463197
What are the prime factors of 15505?
5, 7, 443
What are the prime factors of 20470539?
3, 83, 229, 359
List the prime factors of 2397287.
19, 126173
What are the prime factors of 161836?
2, 40459
List the prime factors of 4778449.
13, 367573
List the prime factors of 435822.
2, 3, 19, 3823
What are the prime factors of 7129700?
2, 5, 83, 859
What are the prime factors of 10078225?
5, 29, 13901
List the prime factors of 14389074.
2, 3, 7, 114199
List the prime factors of 6174773.
11, 561343
List the prime factors of 24299815.
5, 31, 211, 743
List the prime factors of 10749564.
2, 3, 7, 59, 241
List the prime factors of 448843.
448843
What are the prime factors of 2286719?
409, 5591
List the prime factors of 95451.
3, 31817
List the prime factors of 1502893.
7, 43, 4993
What are the prime factors of 4819421?
163, 29567
What are the prime factors of 409835?
5, 81967
What are the prime factors of 7182459?
3, 29, 9173
What are the prime factors of 3381003?
3, 375667
What are the prime factors of 318626?
2, 7, 11, 2069
What are the prime factors of 633065?
5, 126613
What are the prime factors of 1525628?
2, 13, 29339
List the prime factors of 223188.
2, 3, 7, 2657
What are the prime factors of 11882550?
2, 3, 5, 37, 2141
What are the prime factors of 7648106?
2, 3824053
What are the prime factors of 62516?
2, 15629
What are the prime factors of 317614?
2, 11, 14437
What are the prime factors of 4199610?
2, 3, 5, 139987
List the prime factors of 10361012.
2, 193, 13421
List the prime factors of 11109.
3, 7, 23
What are the prime factors of 163402?
2, 81701
What are the prime factors of 1013836?
2, 113, 2243
What are the prime factors of 9594355?
5, 631, 3041
List the prime factors of 2289668.
2, 572417
What are the prime factors of 454477?
59, 7703
What are the prime factors of 19274?
2, 23, 419
List the prime factors of 56981.
19, 2999
What are the prime factors of 254542?
2, 127271
What are the prime factors of 7968482?
2, 1129, 3529
List the prime factors of 7499713.
13, 199, 223
List the prime factors of 263506.
2, 359, 367
List the prime factors of 4420046.
2, 19, 41, 2837
List the prime factors of 315922.
2, 137, 1153
List the prime factors of 229331.
53, 4327
What are the prime factors of 5164495?
5, 7, 147557
What are the prime factors of 1661114?
2, 7, 13, 9127
List the prime factors of 27250703.
3119, 8737
What are the prime factors of 15648697?
47, 332951
List the prime factors of 11106448.
2, 373, 1861
What are the prime factors of 635002?
2, 79, 4019
List the prime factors of 856667.
7, 17483
What are the prime factors of 2105948?
2, 13, 40499
List the prime fa